by 334.
125
What is the remainder when 167271 is divided by 23894?
13
What is the remainder when 851726 is divided by 12?
2
What is the remainder when 27861 is divided by 511?
267
What is the remainder when 75272 is divided by 123?
119
Calculate the remainder when 71 is divided by 20.
11
What is the remainder when 121912 is divided by 406?
112
Calculate the remainder when 157590 is divided by 63.
27
What is the remainder when 725908 is divided by 19619?
5
Calculate the remainder when 379109 is divided by 10.
9
Calculate the remainder when 12768 is divided by 1292.
1140
What is the remainder when 2215 is divided by 12?
7
What is the remainder when 16919 is divided by 5563?
230
Calculate the remainder when 110076 is divided by 121.
87
What is the remainder when 33265 is divided by 15?
10
Calculate the remainder when 16471 is divided by 8.
7
What is the remainder when 9677 is divided by 8?
5
Calculate the remainder when 692120 is divided by 1006.
998
Calculate the remainder when 976440 is divided by 1949.
1940
Calculate the remainder when 44834 is divided by 2236.
114
What is the remainder when 6229261 is divided by 26?
25
Calculate the remainder when 31675 is divided by 198.
193
What is the remainder when 64062 is divided by 21334?
60
Calculate the remainder when 8862 is divided by 44.
18
Calculate the remainder when 40589 is divided by 2536.
13
Calculate the remainder when 663318 is divided by 23.
21
What is the remainder when 96384 is divided by 853?
848
What is the remainder when 4800 is divided by 515?
165
Calculate the remainder when 133108 is divided by 223.
200
What is the remainder when 24650 is divided by 14?
10
Calculate the remainder when 28018 is divided by 419.
364
Calculate the remainder when 79208 is divided by 84.
80
What is the remainder when 256659 is divided by 128274?
111
What is the remainder when 33838 is divided by 105?
28
Calculate the remainder when 159366 is divided by 4553.
11
What is the remainder when 4056 is divided by 99?
96
What is the remainder when 4229 is divided by 18?
17
Calculate the remainder when 8944 is divided by 1788.
4
What is the remainder when 2701 is divided by 673?
9
Calculate the remainder when 369110 is divided by 172.
170
Calculate the remainder when 19897 is divided by 87.
61
Calculate the remainder when 33518 is divided by 8.
6
Calculate the remainder when 285 is divided by 48.
45
Calculate the remainder when 26506 is divided by 94.
92
Calculate the remainder when 8798 is divided by 155.
118
Calculate the remainder when 1873 is divided by 643.
587
What is the remainder when 399244 is divided by 206?
16
Calculate the remainder when 203833 is divided by 103.
99
Calculate the remainder when 1731474 is divided by 213.
210
What is the remainder when 29720 is divided by 873?
38
What is the remainder when 703022 is divided by 9?
5
Calculate the remainder when 81840 is divided by 528.
0
Calculate the remainder when 593 is divided by 229.
135
Calculate the remainder when 14532 is divided by 7230.
72
What is the remainder when 387173 is divided by 193584?
5
What is the remainder when 1097262 is divided by 13?
10
Calculate the remainder when 1780 is divided by 319.
185
Calculate the remainder when 429217 is divided by 14.
5
Calculate the remainder when 244368 is divided by 796.
792
What is the remainder when 19406 is divided by 2149?
65
What is the remainder when 83 is divided by 70?
13
What is the remainder when 30595 is divided by 10047?
454
What is the remainder when 1074 is divided by 1071?
3
Calculate the remainder when 310669 is divided by 21.
16
Calculate the remainder when 1126 is divided by 161.
160
What is the remainder when 9302 is divided by 114?
68
Calculate the remainder when 24434 is divided by 128.
114
Calculate the remainder when 33176 is divided by 40.
16
What is the remainder when 877073 is divided by 11?
10
Calculate the remainder when 5795 is divided by 570.
95
Calculate the remainder when 2186 is divided by 831.
524
What is the remainder when 3018 is divided by 187?
26
Calculate the remainder when 481572 is divided by 23.
21
What is the remainder when 704 is divided by 90?
74
What is the remainder when 10121 is divided by 299?
254
What is the remainder when 20989 is divided by 24?
13
Calculate the remainder when 495294 is divided by 16.
14
What is the remainder when 954 is divided by 135?
9
Calculate the remainder when 1109710 is divided by 122.
120
Calculate the remainder when 1034 is divided by 481.
72
What is the remainder when 818 is divided by 321?
176
What is the remainder when 12676 is divided by 192?
4
What is the remainder when 331552 is divided by 18?
10
What is the remainder when 19616 is divided by 2174?
50
Calculate the remainder when 17290 is divided by 2469.
7
Calculate the remainder when 155961 is divided by 51983.
12
What is the remainder when 13538 is divided by 76?
10
Calculate the remainder when 594481 is divided by 7822.
9
What is the remainder when 732783 is divided by 10620?
3
Calculate the remainder when 5681 is divided by 257.
27
What is the remainder when 9054 is divided by 4521?
12
Calculate the remainder when 35870 is divided by 304.
302
What is the remainder when 232379 is divided by 32?
27
Calculate the remainder when 6343 is divided by 145.
108
Calculate the remainder when 4236 is divided by 1898.
440
Calculate the remainder when 11535 is divided by 39.
30
What is the remainder when 440987 is divided by 2756?
27
What is the remainder when 60856 is divided by 1070?
936
What is the remainder when 694 is divided by 358?
336
What is the remainder when 8670 is divided by 2736?
462
What is the remainder when 13517 is divided by 2687?
82
What is the remainder when 59728 is divided by 29856?
16
What is the remainder when 670622 is divided by 152?
150
Calculate the remainder when 112579 is divided by 5.
4
What is the remainder when 21592 is divided by 21590?
2
Calculate the remainder when 10988 is divided by 10983.
5
What is the remainder when 304749 is divided by 3?
0
What is the remainder when 77848 is divided by 25947?
7
Calculate the remainder when 63380 is divided by 31689.
2
Calculate the remainder when 8956 is divided by 500.
456
Calculate the remainder when 6145 is divided by 8.
1
Calculate the remainder when 15906 is divided by 164.
162
Calculate the remainder when 4030645 is divided by 234.
229
What is the remainder when 15660 is divided by 3131?
5
Calculate the remainder when 223687 is divided by 318.
133
What is the remainder when 151307 is divided by 337?
331
What is the remainder when 5765 is divided by 79?
77
What is the remainder when 90856 is divided by 113?
4
Calculate the remainder when 103096 is divided by 3436.
16
What is the remainder when 4119 is divided by 686?
3
What is the remainder when 27024 is divided by 821?
752
What is the remainder when 196547 is divided by 484?
43
What is the remainder when 15904 is divided by 2140?
924
What is the remainder when 71590 is divided by 23857?
19
What is the remainder when 2476 is divided by 16?
12
What is the remainder when 20235 is divided by 10107?
21
Calculate the remainder when 165091 is divided by 149.
148
Calculate the remainder when 144158 is divided by 530.
528
Calculate the remainder when 62797 is divided by 18.
13
What is the remainder when 303732 is divided by 3451?
44
Calculate the remainder when 259712 is divided by 755.
747
What is the remainder when 10178 is divided by 104?
90
Calculate the remainder when 40529 is divided by 2246.
101
What is the remainder when 2392 is divided by 710?
262
What is the remainder when 143 is divided by 22?
11
What is the remainder when 16314 is divided by 116?
74
What is the remainder when 31269 is divided by 2842?
7
What is the remainder when 2773912 is divided by 286?
284
Calculate the remainder when 675 is divided by 52.
51
Calculate the remainder when 11004 is divided by 114.
60
What is the remainder when 6304 is divided by 484?
12
What is the remainder when 56593 is divided by 28289?
15
Calculate the remainder when 6725 is divided by 1679.
9
What is the remainder when 4111 is divided by 241?
14
Calculate the remainder when 1460 is divided by 719.
22
What is the remainder when 18977 is divided by 240?
17
Calculate the remainder when 74172 is di